ivisor of 315 and 10119270.
105
What is the highest common divisor of 1725627 and 2703?
159
Calculate the highest common factor of 17874015 and 120.
15
What is the highest common factor of 33 and 4231029?
33
Calculate the greatest common factor of 134598862 and 2452.
1226
What is the greatest common factor of 1304735 and 4670780?
2855
Calculate the greatest common divisor of 16 and 9909700.
4
Calculate the highest common factor of 32007304 and 4928.
56
What is the greatest common divisor of 712 and 16012702?
178
What is the highest common divisor of 208941980 and 1040?
260
Calculate the greatest common factor of 20312534 and 1056.
22
What is the greatest common divisor of 67958820 and 74356?
2564
Calculate the greatest common divisor of 157591 and 10669.
47
Calculate the highest common factor of 90 and 10172020.
10
Calculate the highest common factor of 899613 and 24273.
27
Calculate the highest common divisor of 15761380 and 17192.
1228
Calculate the highest common factor of 59607 and 621846.
1611
What is the highest common divisor of 2655861 and 507?
39
What is the greatest common divisor of 8228763 and 1998?
999
What is the greatest common divisor of 56 and 11910868?
4
Calculate the highest common factor of 136942 and 1939314.
598
What is the greatest common divisor of 3342475 and 2185?
115
What is the highest common divisor of 204 and 310804404?
204
Calculate the highest common factor of 117 and 127954853.
13
Calculate the greatest common divisor of 891333 and 180717.
3063
Calculate the greatest common divisor of 20776662 and 63894.
2778
Calculate the highest common divisor of 15731894 and 3397.
43
What is the greatest common factor of 142311 and 1184768?
1157
Calculate the highest common factor of 21037644 and 162.
162
Calculate the greatest common factor of 95230 and 1189930.
890
Calculate the highest common divisor of 2125 and 1102250.
125
What is the greatest common divisor of 195457392 and 1872?
1872
Calculate the greatest common divisor of 1477633 and 22999.
211
Calculate the greatest common factor of 3640 and 1553760.
520
Calculate the greatest common factor of 3 and 123864711.
3
Calculate the highest common divisor of 3304524 and 19413.
2157
What is the greatest common divisor of 182 and 10055591?
91
Calculate the highest common divisor of 1062200132 and 28.
28
What is the highest common divisor of 66726 and 384?
6
What is the greatest common divisor of 115617917 and 2?
1
What is the greatest common divisor of 7271650 and 1410?
10
Calculate the greatest common divisor of 54610 and 2834130.
430
Calculate the greatest common factor of 34821632 and 5336.
184
Calculate the greatest common divisor of 595 and 1464785.
35
Calculate the greatest common divisor of 116653 and 17258041.
2201
Calculate the greatest common factor of 129778 and 158378.
22
What is the highest common factor of 100 and 6349660?
20
Calculate the highest common divisor of 283353750 and 6750.
2250
What is the greatest common divisor of 1104 and 1222224?
48
Calculate the greatest common factor of 200 and 7802425.
25
What is the greatest common divisor of 50 and 1585117850?
50
What is the highest common divisor of 32571 and 1188?
99
What is the highest common divisor of 5 and 1609350?
5
What is the greatest common factor of 13850733 and 34?
17
What is the greatest common divisor of 206400 and 5131200?
4800
Calculate the greatest common factor of 64 and 1552748.
4
Calculate the greatest common divisor of 1720401 and 284.
71
Calculate the greatest common factor of 196887 and 156.
3
Calculate the highest common factor of 48976039 and 713.
23
What is the greatest common factor of 1257450 and 2973440?
1010
What is the greatest common divisor of 14 and 288545292?
14
What is the greatest common factor of 119180 and 5374428?
236
Calculate the highest common divisor of 1030261577 and 167.
167
What is the greatest common divisor of 183399 and 11526?
339
What is the highest common factor of 346 and 41440939?
173
Calculate the highest common divisor of 65460045 and 25.
5
Calculate the highest common factor of 204237 and 19404.
99
Calculate the highest common divisor of 393333888 and 144.
48
Calculate the greatest common divisor of 28270901 and 2005.
401
What is the greatest common divisor of 1183216 and 3248?
16
What is the highest common factor of 40558 and 356587?
7
What is the highest common divisor of 72 and 4211262?
18
What is the highest common divisor of 689 and 36647?
13
What is the greatest common factor of 754084 and 2968?
212
What is the highest common factor of 16361952 and 13284?
492
Calculate the highest common factor of 10080 and 123156.
36
Calculate the highest common divisor of 6335302 and 331462.
6254
Calculate the greatest common divisor of 34935 and 1588905.
255
What is the greatest common divisor of 69408761 and 257?
257
Calculate the highest common divisor of 114 and 6886576.
2
Calculate the highest common factor of 21723 and 5176758.
1671
What is the greatest common factor of 4008957 and 272?
17
Calculate the highest common divisor of 1669037 and 87.
29
Calculate the highest common divisor of 53868592 and 7856.
7856
Calculate the highest common factor of 773022 and 15.
3
Calculate the greatest common factor of 4072 and 32968.
8
What is the greatest common factor of 121401 and 4987773?
2583
What is the greatest common divisor of 255204 and 2214?
54
What is the greatest common factor of 1259918172 and 1038?
1038
Calculate the greatest common factor of 2464 and 4469632.
32
What is the greatest common factor of 20514267 and 225?
9
Calculate the highest common factor of 32337679 and 22.
11
What is the highest common divisor of 24370675 and 682675?
8225
What is the greatest common factor of 1312 and 18503792?
656
Calculate the greatest common factor of 147435689 and 61912.
7739
Calculate the highest common factor of 250200 and 243806.
278
What is the highest common factor of 135765500 and 1500?
500
What is the greatest common factor of 4628947 and 1177250?
4709
Calculate the highest common divisor of 651201 and 1441.
131
What is the greatest common factor of 49545 and 4254255?
135
What is the highest common divisor of 1074 and 14167850?
358
Calculate the greatest common divisor of 60729399 and 30807.
4401
What is the greatest common factor of 217 and 1244663?
7
Calculate the greatest common divisor of 822392 and 51136.
136
What is the highest common factor of 372408 and 168?
24
What is the greatest common factor of 4186 and 15200562?
598
Calculate the highest common divisor of 3210 and 133935.
15
What is the greatest common divisor of 658605 and 50715?
345
What is the greatest common divisor of 59 and 107684322?
59
What is the highest common divisor of 79980 and 202140?
60
Calculate the highest common divisor of 933 and 8112435.
933
What is the greatest common factor of 68618623 and 583?
53
Calculate the highest common divisor of 69806 and 87251154.
6346
Calculate the greatest common factor of 27164682 and 252.
18
What is the highest common divisor of 1234 and 86057926?
1234
Calculate the highest common divisor of 637249388 and 41.
41
Calculate the highest common divisor of 2884 and 677992.
28
Calculate the highest common factor of 667 and 229335944.
667
Calculate the greatest common divisor of 114290 and 38830.
110
What is the highest common divisor of 3700579 and 137254?
5279
What is the highest common divisor of 1584 and 636075?
99
Calculate the highest common factor of 2502 and 117139887.
1251
Calculate the highest common divisor of 21 and 206989860.
21
Calculate the greatest common divisor of 78454207 and 13.
13
Calculate the greatest common divisor of 21574 and 574994.
938
What is the highest common factor of 273230 and 3125?
5
Calculate the greatest common divisor of 15027 and 164450479.
5009
What is the greatest common divisor of 477611 and 5698873?
4637
Calculate the greatest common factor of 1037 and 53584.
17
Calculate the greatest common factor of 28137942 and 18.
18
Calculate the highest common factor of 21040 and 168513568.
4208
What is the highest common factor of 2184616300 and 75?
25
Calculate the highest common divisor of 6561982 and 13328.
98
What is the highest common factor of 309469160 and 715?
715
What is the highest common divisor of 20